*y = -49 - 80, 0 = 2*y + 6. Calculate the remainder when 132 is divided by j.
42
Let i = 3 - -4. Let k(l) = 21*l**2 - 1177*l + 79. Calculate the remainder when k(56) is divided by i.
2
Suppose 0 = 3*k - 14 - 25. Let g(x) = -x**3 + 20*x**2 + 22*x - 16. Let s be g(21). Calculate the remainder when k is divided by 90/(-12)*(-2)/s.
1
Suppose -5*z - r = -160, -z + 2*r + 54 - 11 = 0. What is the remainder when z is divided by (-96)/8*(36/(-8) + 3)?
15
Suppose 0 = 3*p + 37 - 58. What is the remainder when 40 is divided by p?
5
Let h = 71 + -46. Let c = 27 - h. Suppose 26 = 3*t + c. What is the remainder when 19 is divided by t?
3
Let a(l) = -l**2 - 12*l - 13. Suppose -32*x = -3*w - 34*x + 91, 3*w = -x + 89. What is the remainder when w is divided by a(-9)?
1
Suppose 0*j - 3*j + 438 = 0. Calculate the remainder when j is divided by 47.
5
Let s(p) = -p**2 - 11*p + 4. Let i(c) = 0*c - 4 - c + c**2 + 13*c. Let f(n) = 3*i(n) + 4*s(n). Calculate the remainder when 63 is divided by f(-6).
15
Let k(l) = -l**2 - 3*l. Let m be ((-2)/6)/((-2)/(-18)). Let y be k(m). Let h = y + 7. What is the remainder when 20 is divided by h?
6
Suppose 182*a + o = 187*a - 2079, 0 = o + 4. Calculate the remainder when a is divided by 133.
16
Let a(g) = g + 7. Let z be a(-3). What is the remainder when 3 + 1 + -2 + z is divided by 4?
2
Suppose x = -3*x, -88 = -4*l + x. Calculate the remainder when 29 is divided by l.
7
Let a be (-44)/(-77)*63/6. Suppose -4*h = -a*h + 40. What is the remainder when h is divided by 7?
6
Let y(w) = -233*w + 9. What is the remainder when y(-2) is divided by 40?
35
Suppose 2 + 6 = 4*o. Let c be 4 + -1 - (3 - o). Suppose 36 - 112 = -c*z. Calculate the remainder when z is divided by 20.
18
Calculate the remainder when 831 is divided by (-2 + 30/25)/(3/(-120)).
31
Calculate the remainder when 87 is divided by -37*(-7 + 12/2).
13
Let b be 14 + -14 + 32/2. Suppose -6*w + b*w = 190. What is the remainder when 53 is divided by w?
15
Calculate the remainder when 70 is divided by (12*(-5)/(-20))/1.
1
Let o = 12 + -12. Suppose 5*n + o = 20. What is the remainder when 14 is divided by n?
2
Suppose 4*q = -93*n + 90*n + 70, 74 = 4*q + n. Suppose -2*r - 2 = -4*r, -3*l - 3*r = -228. What is the remainder when l is divided by q?
18
Suppose 25*f - 29 = 24*f - 5*p, 4*p = 3*f - 49. Suppose 0 = -4*v - 0*v + 8. Suppose -v*d = -7*d + 185. Calculate the remainder when d is divided by f.
18
Let s(k) = -k**2 - 11*k - 19. Let n be s(-8). Suppose n*b = -0*b + 170. What is the remainder when b is divided by 12?
10
Suppose 428 = -51*j + 1652. Calculate the remainder when 1437 is divided by j.
21
Suppose 5*w = 4*i - 1057, -20*i = -17*i + 5*w - 784. Calculate the remainder when i is divided by 19.
16
Let a(h) = -90*h**3 - h**2 + 2*h - 1. Let p be a(1). What is the remainder when 39 is divided by (-9)/(-3 + p/(-35))?
18
Let r = -47 + 50. Suppose 2 = -5*h - 2*n + 17, 5*n = -4*h + 12. Calculate the remainder when r is divided by h.
0
Let m = -1529 + 1588. What is the remainder when 280 is divided by m?
44
Let o(s) be the second derivative of s**4/12 - 5*s**3/3 - 4*s**2 + 4*s. What is the remainder when 58 is divided by o(13)?
27
Let d = -890 + 963. Calculate the remainder when d is divided by 49.
24
Suppose -28*l = -21*l - 154. What is the remainder when 152 is divided by l?
20
Let v be 4 - ((-12)/3 - -4). Let p(y) = -5*y - 9 + v*y + 7. Calculate the remainder when 6 is divided by p(-4).
0
Let a(q) = 9*q - 173. What is the remainder when a(27) is divided by 18?
16
Suppose 3*s = 4*g + 6*s - 634, g - s - 162 = 0. What is the remainder when g is divided by 55?
50
Let k = 7 + -5. Suppose 3*o + k*a = -4 - 2, 4*o + 3 = -a. Suppose o = 2*i + i - 27. Calculate the remainder when 25 is divided by i.
7
Let z(i) be the first derivative of -i**2/2 + 23*i + 1. Calculate the remainder when 46 is divided by z(11).
10
Let n(k) = -25*k - 5. Let a be n(-7). Suppose a = 2*v + 2*o, -4*o = -5*v - 46 + 471. Calculate the remainder when v is divided by 22.
19
Suppose -3*v = -9, -2*v = 3*p - 6*v - 783. What is the remainder when p is divided by 27?
22
What is the remainder when 16/(-20) + (-1712)/(-40) is divided by 4?
2
Let t be 5 + -7 - 8/(-2). Suppose -8 = -w + y + y, -t*y = 4. Suppose 0 = -5*s + 15, w*b + 5*s - 141 - 78 = 0. Calculate the remainder when b is divided by 9.
6
Suppose 0 = -z - 4*x + 286, -3*z - 2*z - 3*x + 1362 = 0. Calculate the remainder when z is divided by 13.
10
Suppose 728 = 18*a + 8*a. Calculate the remainder when 78 is divided by a.
22
Let k(g) = g**2 + 4*g - 19. Suppose -4*j - 35 = 2*y - 11, 3*j = 4*y - 40. What is the remainder when k(j) is divided by 4?
1
Suppose 0 = -1374*o + 1377*o - 120. Calculate the remainder when o is divided by 14.
12
Let f(l) = -l**3 - 9*l**2 - 6*l + 40. Let d be ((4*1)/1)/2. Suppose w = -g + 10, -43 = -5*g + 4*w - d*w. Calculate the remainder when f(-8) is divided by g.
6
Let n = 8 + -2. Let p(s) = 6*s - 1. Suppose 7*o - 5 = 79. Calculate the remainder when p(n) is divided by o.
11
Let z = -2066 - -2094. Calculate the remainder when 243 is divided by z.
19
Let i(z) = 63*z - 241. Calculate the remainder when i(6) is divided by 35.
32
Let d = 73 - 48. Suppose d = 3*p + 2*p. What is the remainder when 23 is divided by p?
3
Let a(v) = 25*v - 111. Calculate the remainder when 138 is divided by a(5).
12
Let k = -254 - -430. What is the remainder when k is divided by 30?
26
Let g = -80 - -94. What is the remainder when 236 is divided by g?
12
Let g(d) be the second derivative of d**3/6 + 19*d**2/2 + 7*d. Calculate the remainder when 27 is divided by g(-5).
13
Let b = 271 + -223. Let z(i) = -17*i**3 - i**2 + i + 2. Calculate the remainder when b is divided by z(-1).
14
Let g(z) = -3*z**3 - z**2 + z + 2. Let s be g(3). Let r = -66 - s. Calculate the remainder when r is divided by 6.
1
Let x(t) = t**3 - 7*t**2 + 2*t - 3. Let q be x(7). Let k = q - -11. Calculate the remainder when 108 is divided by k.
20
Let o(p) = -p**3 - 7*p**2 - 4*p + 1. Let g = -191 - -201. What is the remainder when o(-7) is divided by g?
9
Suppose -5*n = -4*q + 5 - 0, 0 = 3*n + 5*q - 34. Let i be (-33)/22*(-4)/n. Suppose -i*o = 2 - 20. Calculate the remainder when 14 is divided by o.
5
Suppose -2*f + 2*h + 356 = 0, 0*f - h = -4*f + 700. What is the remainder when f is divided by 89?
85
Let k(j) = 4*j + 28. Let x be k(-7). Suppose x*q - 11 = -q + 4*z, -4*q = 2*z - 26. Calculate the remainder when 13 is divided by q.
6
Let o = -699 - -732. What is the remainder when o is divided by 6?
3
Let s(n) = -n**3 + 15*n**2 + 10*n - 20. Let z be s(15). Suppose -z = 13*k - 18*k. Calculate the remainder when k is divided by 10.
6
Let d(v) = 3 + 5*v + 0 + 2 - 3 + 2*v**2. Let x be d(-3). Suppose x*k + 0*k = 55. What is the remainder when 32 is divided by k?
10
Let o(z) = z**2 + 11*z - 23. Let j(i) = i**3 - i**2 - i - 2. Calculate the remainder when j(3) is divided by o(-13).
1
Suppose -148 = -g + 4*d + 52, -5*g + 977 = 3*d. Calculate the remainder when g is divided by 41.
32
Let n(v) = v**2 + 15. Let y be n(0). Suppose 0 = -4*l + 4*o + 20 - 0, -2*l - 3*o + 30 = 0. Let a = y - l. What is the remainder when 23 is divided by a?
5
Let y(b) = 2*b + 11. Calculate the remainder when y(-1) is divided by 2.
1
Let v(n) = -11*n - 5. Let f be (-7)/28 + (-23)/4. Let p be v(f). Suppose 2*i = i + p. What is the remainder when i is divided by 16?
13
Let w = 16 - -33. What is the remainder when w is divided by ((-624)/(-36))/(10/15)?
23
Let w = -28 - -43. Calculate the remainder when 43 is divided by w.
13
Let m(x) = 2*x**2 + 3*x + 2. Let z(u) = 2*u - 3. Let b(i) = 2*i - 2. Let w(n) = 5*b(n) - 6*z(n). What is the remainder when m(3) is divided by w(0)?
5
Let h be 9 + (12/21)/((-4)/(-14)). Suppose -h*g = -369 - 126. What is the remainder when g is divided by 16?
13
Let b = 14 - 5. Suppose -4*k = 3*t - 133, 0 = -15*t + 13*t - 2. Calculate the remainder when k is divided by b.
7
Let p(w) = w**2 + 4*w - 2. Let d(l) = -l**2 - 5*l + 3. Let n(v) = 4*d(v) + 5*p(v). What is the remainder when n(5) is divided by 10?
7
Let w(v) = v**3 + 7*v**2 - v + 6. Let h = -87 + 80. What is the remainder when 14 is divided by w(h)?
1
Suppose 2*o = 6*o - 12. Let v be -3*(-2)/6 + 3. Suppose r - v*y = -3*y, -r + o*y - 4 = 0. Calculate the remaind